{"id":26,"date":"2019-01-27T02:13:27","date_gmt":"2019-01-27T01:13:27","guid":{"rendered":"http:\/\/fanaye.com\/?page_id=26"},"modified":"2019-03-05T17:31:35","modified_gmt":"2019-03-05T16:31:35","slug":"inauguration","status":"publish","type":"page","link":"https:\/\/fanaye.com\/index.php\/inauguration\/","title":{"rendered":"Lyc\u00e9e: pose de premi\u00e8re pierre."},"content":{"rendered":"\n<p>Fanaye &#8211; La Commune de Fanaye comprend 24 villages officiellement reconnus et plusieurs hameaux. <br>Le 14 novembre 2015, l&rsquo;ambassadeur de France au S\u00e9n\u00e9gal Monsieur Jean-F\u00e9lix PAGANON accompagn\u00e9 de la direction du PAISD repr\u00e9sent\u00e9 par Monsieur Pape B. THIAM ( Directeur de la Coop\u00e9ration technique ), les notables de la commune de Fanaye (maire, et chefs de villages, chefs religieux), les autorit\u00e9s locales ainsi que plusieurs invit\u00e9s du d\u00e9partement, de la diaspora ont particip\u00e9 \u00e0 cet \u00e9v\u00e9nement de pose de la premi\u00e8re pierre du lyc\u00e9e de Fanaye.<\/p>\n\n\n\n<figure class=\"wp-block-image\"><img loading=\"lazy\" decoding=\"async\" width=\"640\" height=\"360\" src=\"http:\/\/fanaye.com\/wp-content\/uploads\/2019\/01\/vlcsnap-2015-11-20-14h43m22s135.jpg\" alt=\"\" class=\"wp-image-45\" srcset=\"https:\/\/fanaye.com\/wp-content\/uploads\/2019\/01\/vlcsnap-2015-11-20-14h43m22s135.jpg 640w, https:\/\/fanaye.com\/wp-content\/uploads\/2019\/01\/vlcsnap-2015-11-20-14h43m22s135-300x169.jpg 300w\" sizes=\"(max-width: 640px) 100vw, 640px\" \/><\/figure>\n","protected":false},"excerpt":{"rendered":"<p>Fanaye &#8211; La Commune de Fanaye comprend 24 villages officiellement reconnus et plusieurs hameaux. Le 14 novembre 2015, l&rsquo;ambassadeur de France au S\u00e9n\u00e9gal Monsieur Jean-F\u00e9lix PAGANON accompagn\u00e9 de la direction du PAISD repr\u00e9sent\u00e9 par Monsieur Pape B. THIAM ( Directeur de la Coop\u00e9ration technique ), les notables de la commune de Fanaye (maire, et chefs [&hellip;]<\/p>\n","protected":false},"author":1,"featured_media":45,"parent":0,"menu_order":0,"comment_status":"closed","ping_status":"closed","template":"","meta":{"footnotes":""},"_links":{"self":[{"href":"https:\/\/fanaye.com\/index.php\/wp-json\/wp\/v2\/pages\/26"}],"collection":[{"href":"https:\/\/fanaye.com\/index.php\/wp-json\/wp\/v2\/pages"}],"about":[{"href":"https:\/\/fanaye.com\/index.php\/wp-json\/wp\/v2\/types\/page"}],"author":[{"embeddable":true,"href":"https:\/\/fanaye.com\/index.php\/wp-json\/wp\/v2\/users\/1"}],"replies":[{"embeddable":true,"href":"https:\/\/fanaye.com\/index.php\/wp-json\/wp\/v2\/comments?post=26"}],"version-history":[{"count":8,"href":"https:\/\/fanaye.com\/index.php\/wp-json\/wp\/v2\/pages\/26\/revisions"}],"predecessor-version":[{"id":305,"href":"https:\/\/fanaye.com\/index.php\/wp-json\/wp\/v2\/pages\/26\/revisions\/305"}],"wp:featuredmedia":[{"embeddable":true,"href":"https:\/\/fanaye.com\/index.php\/wp-json\/wp\/v2\/media\/45"}],"wp:attachment":[{"href":"https:\/\/fanaye.com\/index.php\/wp-json\/wp\/v2\/media?parent=26"}],"curies":[{"name":"wp","href":"https:\/\/api.w.org\/{rel}","templated":true}]}}